3*c + 4*t - 23 = 0, -2*c + 36 = -t + 6. What is the remainder when b is divided by c?
11
Let y be 3*(-2 + 24/9). Suppose 0 = 2*t + u - 62, -3*t + 3*u = y*t - 133. What is the remainder when t is divided by 10?
9
Let a(w) = 3*w**3 - w. Let g be a(-1). Let b(q) = -8*q - 1 - q - 6*q. What is the remainder when b(g) is divided by 10?
9
Suppose v + q - 119 = -q, -498 = -4*v + 3*q. Let x = v - 88. What is the remainder when x is divided by 18?
17
Suppose 0 = 5*j - 99 - 21. Calculate the remainder when j is divided by 9.
6
Suppose 3*o - i = 10, 4*i - 3*i = o - 2. Suppose -1 = -o*z - 65. Let u = z + 35. What is the remainder when u is divided by 10?
9
Let t = -351 + 624. Calculate the remainder when t is divided by 55.
53
Let y be (-1 + 1)*(1 + -2). Suppose -5*z + 35 = -y*z. Suppose 2*l - 42 = 2*b, -5*b = 5*l - 122 + 27. Calculate the remainder when l is divided by z.
6
Suppose -33 = -z - 0. Calculate the remainder when z is divided by 18.
15
Suppose 0*m - 2 = -m. Let d(z) = 10 - 5*z + 4*z + m. What is the remainder when 22 is divided by d(0)?
10
Suppose -6*m - 10 = -m. Let v be m/(-11) + 4/(-22). What is the remainder when 10 + (2/2 - v) is divided by 6?
5
Suppose -87 + 4 = -t. Calculate the remainder when t is divided by 28.
27
Let d(c) = 3*c - 11. What is the remainder when 99 is divided by d(12)?
24
Suppose -50 = -3*p - x, 2*x = -p - 0*x + 15. Let t = -16 - -10. Let m = t - -12. What is the remainder when p is divided by m?
5
What is the remainder when -1 - (-63 - (-3 + -1)) is divided by 15?
13
Let l be 2/(6/(-21)) + -1. Let j = 27 + l. What is the remainder when j is divided by 7?
5
Suppose 5*b - 140 = -2*l, -2*b - l + 77 = 4*l. Suppose i - b = 6. Calculate the remainder when i is divided by 7 + 0 - (2 - 6).
10
Suppose 17*m - 94 = 15*m. Calculate the remainder when m is divided by 24.
23
Let a be 3/12 + (-59)/(-4). Let l = 34 - a. Calculate the remainder when 55 is divided by l.
17
Let x be (-5)/(10/(-4)) + 31. Suppose 0 = 4*v + 16, 5*h + 3*v - 10 = x. Calculate the remainder when h is divided by (-1)/((-4 + 1)/12).
3
Suppose -84 + 246 = 3*i. Calculate the remainder when 32 is divided by (22/33)/(4/i).
5
Let a = 52 - 31. What is the remainder when a is divided by 11?
10
Let q = -111 - -243. What is the remainder when q is divided by 67?
65
Calculate the remainder when 1/(4 + 60/(-16)) is divided by (-2)/(-8) - (-33)/12.
1
Suppose 3*v = -n + 52, 2*v + 2*n = n + 35. Suppose -4*k + 16 = -0*k. Calculate the remainder when (k*3)/(4/16) is divided by v.
14
Let v = 141 + -72. What is the remainder when v is divided by 18?
15
Suppose 0 = -3*y + 2*d + 3*d + 135, -185 = -5*y - 5*d. What is the remainder when 158 is divided by y?
38
Calculate the remainder when 20 is divided by 11 + -15 + (-12)/(-2) + 4.
2
What is the remainder when 41 is divided by (-1 - 14)/(-4 + 4 - 1)?
11
Suppose -10*g - 58 = -218. Calculate the remainder when 38 is divided by g.
6
Let u(b) = -3 - 1 - 2 + b**2 - b + 3. Let h be u(-3). Suppose 0*z - h = -z. What is the remainder when 26 is divided by z?
8
Let x(d) = 6*d**2 + d - 2. Let k be x(3). Let f = k - 18. Calculate the remainder when f is divided by 13.
11
Let x be 77/5 + 12/(-30). Let g(o) = o - 2. Let a be g(-6). Calculate the remainder when 41 is divided by (-106)/a + x/20.
13
Let k(m) = 7*m - 9. Calculate the remainder when 36 is divided by k(4).
17
Suppose m - 21 = c, -c = 2*m - 0*m - 33. What is the remainder when 67 is divided by m?
13
Let d(o) = 2*o**2 - 6*o + 3. Suppose 0*z + 12 = -4*z. Let i be -6*(-1 - z/9). Calculate the remainder when 31 is divided by d(i).
9
Suppose 0 = 2*p + 2*p. Suppose p = -o - o + 22. What is the remainder when -4 + (22 - 3) + 4 is divided by o?
8
What is the remainder when 21 is divided by (-3)/(15/(-6) - -2)?
3
Let k = -71 + 103. Let m(b) = 12*b - 1. Let t be m(3). Suppose -5*z - 3*v - 35 = -123, t = 2*z + v. Calculate the remainder when k is divided by z.
15
Suppose 93 + 3 = 4*l. Suppose -g = 3*g - 376. What is the remainder when g is divided by l?
22
Suppose 5 + 5 = s. Let v be -1 - 1 - -1*26. Suppose 5*j + 3*t - 28 = j, 5*j + t = v. What is the remainder when s is divided by j?
2
Let y(i) = 5*i - 2. Let k be y(-2). What is the remainder when 1/2 + (-102)/k is divided by 4?
1
Let p be (2 - 2)/3 + -5. Let j(g) = g**3 + 6*g**2 - g - 4. Calculate the remainder when j(p) is divided by 9.
8
Suppose 0 = -4*g - 16. Let b(s) = -14*s - 6. Calculate the remainder when b(g) is divided by 13.
11
Suppose 5*k + 20 = 5*s, k + 2*k = 6. Suppose -5*r = 3*q + 23, 5*q + 25 = 2*r + 3*r. Let m = -4 - q. Calculate the remainder when s is divided by m.
0
Let i be 1 - 7 - (-3 - -1). Suppose 2*g - 26 - 12 = 0. What is the remainder when g is divided by ((-1)/2)/(i/80)?
9
Suppose -5*y + 2*y = -2*m, 4*m - 2*y = 0. Suppose -2*r = 5*u - 96, -4*u + r + 83 - 14 = m. Calculate the remainder when 51 is divided by u.
15
Let b(j) = -3 + 2*j**3 - 3*j**3 + 1 + 2*j**2 + 13*j - 14*j. What is the remainder when 61 is divided by b(-2)?
13
Let a be ((-23)/(-4))/((-2)/8). Let n = 1 - 16. Let q = n - a. What is the remainder when q is divided by 3?
2
Calculate the remainder when 27 is divided by 10 + (5 - (5 + 0)).
7
Let v = -21 + 24. What is the remainder when 12 is divided by v?
0
Calculate the remainder when 78 is divided by (24/16)/((-3)/(-40)).
18
Let l(j) = 6*j**2 - 7*j + 7. What is the remainder when l(4) is divided by 19?
18
Let y = 28 + 2. Suppose 2*p - y = -5*t, 4*t + 2*p = 3*t + 14. Suppose -d = 3*d + 8, 56 = 3*g - t*d. Calculate the remainder when g is divided by 6.
4
Suppose -10 = -5*y + 25. Let o(h) = -h**3 - 16*h**2 - 15*h + 18. Let z(i) = -i + 1. Let c be z(16). What is the remainder when o(c) is divided by y?
4
Let j be ((-3)/2)/((-6)/32). Suppose -5*n + 12 = -j. Suppose 5*m = 18 + 12. What is the remainder when m is divided by n?
2
Let u(v) = 2*v - 4. Suppose -2 + 14 = 4*w. What is the remainder when 7 is divided by u(w)?
1
Let q be (-15)/4*(-40)/(-3). Let h = q - -72. What is the remainder when (-9)/((21/h)/(-7)) is divided by 23?
20
Suppose -2*d - 223 = -4*r + 95, -3*d + 216 = 3*r. Suppose f - a + 17 = r, -129 = -2*f + 5*a. Calculate the remainder when f is divided by 15.
12
Let r = 2 - -142. Calculate the remainder when 21 is divided by (r/12)/(-1 - -3).
3
Let i(v) = 5*v**3 - 6*v**2 + 8*v + 13. Let k(d) = -d**3 - d**2. Let m(f) = i(f) + 4*k(f). Calculate the remainder when m(9) is divided by 2.
0
Let a be (-6)/2 - -69 - 2. Suppose 2*c = -4*w + 38, c - a = -3*c - 4*w. What is the remainder when 25 is divided by c?
12
Suppose -2*i + 45 = 3*a, 3*a + 2*i - 45 = -i. Suppose 0 = 4*x - 45 - a. What is the remainder when 43 is divided by x?
13
Suppose -v = -30 - 0. Suppose h + v = 4*h. Suppose 0 = 4*k - 18 - 134. What is the remainder when k is divided by h?
8
Let t = -66 + 72. Calculate the remainder when 17 is divided by t.
5
Suppose 0 = -2*j + 4*i + 8, 5*i - 4 + 14 = 3*j. Calculate the remainder when (7 - j) + 2 + 2 is divided by 3.
2
Let k(h) = h - 5. Let r(s) = -8*s. Let y be r(-1). Let z be k(y). Suppose 0 = z*o - 7*o + 132. What is the remainder when o is divided by 18?
15
Suppose 2*m = 2*x + 11 + 37, 3*m + x = 52. Suppose 2*p - 27 - m = 0. Calculate the remainder when p is divided by 6.
5
Let c = -4 + 1. Let r be c/(-9)*3 + 3. Suppose n + r*n - 80 = 0. What is the remainder when n is divided by 6?
4
Let g(q) = -q**2 + q + 12. Let t = -7 + 7. What is the remainder when 46 is divided by g(t)?
10
Let o be -1 - (-4 - -3)*37. Let m = o + -11. Calculate the remainder when m is divided by 14.
11
Let s = -7 - -6. Let m = 18 + -4. What is the remainder when m is divided by (s/1 - -11)/2?
4
Let r(g) = -3*g + 1. Suppose -2*k + 2*q = -190, 4*k + 5*q - 264 = 89. Suppose -20 + k = 3*o. What is the remainder when o is divided by r(-4)?
11
Let r(f) = -3*f - 19. Calculate the remainder when 52 is divided by r(-10).
8
Suppose 0*h = -3*h + 66. Suppose 2*u + h + 10 = 3*r, -r = 4*u + 8. What is the remainder when 22 is divided by r?
6
Let z(t) = -t**2 + 14*t - 14. Let j be (-4)/(-18) + 318/27. Suppose 2*h + p = 39 - j, h - 24 = -4*p. Calculate the remainder when 37 is divided by z(h).
7
Let a = 8 + -3. Suppose 3*u = 2*r - u - 18, a*u - 60 = -5*r. Calculate the remainder when (-2)/(-6) + (-118)/(-6) is divided by r.
9
Suppose 0*n =